me factors of 1974829?
1051, 1879
What are the prime factors of 12419174?
2, 43, 144409
What are the prime factors of 902452?
2, 225613
List the prime factors of 1726664.
2, 215833
List the prime factors of 990574.
2, 13, 31, 1229
List the prime factors of 710015.
5, 211, 673
List the prime factors of 139735.
5, 27947
What are the prime factors of 1158483?
3, 386161
What are the prime factors of 68196?
2, 3, 5683
What are the prime factors of 416759?
7, 29, 2053
What are the prime factors of 432233?
31, 73, 191
List the prime factors of 13635.
3, 5, 101
What are the prime factors of 129323?
79, 1637
List the prime factors of 18624603.
3, 563, 11027
What are the prime factors of 450778?
2, 257, 877
List the prime factors of 691454.
2, 345727
What are the prime factors of 401397?
3, 67, 1997
List the prime factors of 308005.
5, 229, 269
What are the prime factors of 40187699?
349, 115151
What are the prime factors of 355815?
3, 5, 7907
List the prime factors of 598533.
3, 13, 103, 149
List the prime factors of 342864.
2, 3, 2381
What are the prime factors of 85197?
3, 7, 4057
What are the prime factors of 8780500?
2, 5, 17, 1033
What are the prime factors of 7781080?
2, 5, 194527
List the prime factors of 6406843.
89, 71987
What are the prime factors of 254461?
254461
List the prime factors of 598731.
3, 7, 4073
List the prime factors of 4582188.
2, 3, 13, 9791
What are the prime factors of 11697798?
2, 3, 7, 67, 4157
What are the prime factors of 13095318?
2, 3, 41, 53233
What are the prime factors of 6945778?
2, 7, 496127
What are the prime factors of 1562557?
277, 5641
What are the prime factors of 63463?
63463
List the prime factors of 823185.
3, 5, 11, 1663
List the prime factors of 1634775.
3, 5, 71, 307
List the prime factors of 1983998.
2, 991999
List the prime factors of 9146.
2, 17, 269
What are the prime factors of 322101?
3, 13, 2753
What are the prime factors of 110395?
5, 22079
List the prime factors of 407066.
2, 11, 18503
What are the prime factors of 5395983?
3, 53, 33937
List the prime factors of 13583923.
3203, 4241
What are the prime factors of 16035003?
3, 197963
What are the prime factors of 15210726?
2, 3, 2535121
What are the prime factors of 7057350?
2, 3, 5, 15683
List the prime factors of 21105334.
2, 241, 43787
List the prime factors of 1258900.
2, 5, 12589
What are the prime factors of 1392458?
2, 31, 37, 607
What are the prime factors of 13851253?
13, 59, 18059
List the prime factors of 56302.
2, 28151
List the prime factors of 2089146.
2, 3, 348191
List the prime factors of 100574.
2, 50287
List the prime factors of 4095853.
101, 107, 379
List the prime factors of 875024.
2, 17, 3217
What are the prime factors of 152622?
2, 3, 61, 139
What are the prime factors of 3249255?
3, 5, 216617
List the prime factors of 3916765.
5, 593, 1321
List the prime factors of 312061.
313, 997
What are the prime factors of 8751222?
2, 3, 486179
List the prime factors of 133978.
2, 13, 5153
List the prime factors of 13109548.
2, 3277387
What are the prime factors of 6468751?
47, 137633
What are the prime factors of 890555?
5, 277, 643
List the prime factors of 566803.
37, 15319
What are the prime factors of 1115845?
5, 23, 31, 313
What are the prime factors of 2312010?
2, 3, 5, 8563
What are the prime factors of 418098?
2, 3, 17, 4099
List the prime factors of 6743464.
2, 7, 13, 59, 157
List the prime factors of 4803291.
3, 113, 4723
List the prime factors of 4751082.
2, 3, 7, 12569
What are the prime factors of 2011604?
2, 7, 71843
What are the prime factors of 539944?
2, 67493
List the prime factors of 73209.
3, 23, 1061
What are the prime factors of 11740780?
2, 5, 353, 1663
List the prime factors of 75327.
3, 7, 17, 211
What are the prime factors of 156186?
2, 3, 8677
What are the prime factors of 1168967?
59, 19813
List the prime factors of 295346.
2, 147673
What are the prime factors of 787790?
2, 5, 78779
List the prime factors of 255701.
241, 1061
What are the prime factors of 97027?
7, 83, 167
List the prime factors of 2602920.
2, 3, 5, 109, 199
List the prime factors of 2039142.
2, 3, 7, 47, 1033
List the prime factors of 561614.
2, 23, 29, 421
What are the prime factors of 38871604?
2, 9717901
List the prime factors of 2528397.
3, 280933
What are the prime factors of 2532788?
2, 633197
List the prime factors of 147567.
3, 7, 7027
List the prime factors of 817579.
7, 116797
What are the prime factors of 10013307?
3, 41, 81409
What are the prime factors of 6393366?
2, 3, 7, 50741
List the prime factors of 204830.
2, 5, 20483
List the prime factors of 1792760.
2, 5, 44819
List the prime factors of 5397846.
2, 3, 71, 12671
What are the prime factors of 3842032?
2, 109, 2203
List the prime factors of 219663.
3, 24407
List the prime factors of 6665194.
2, 359, 9283
What are the prime factors of 188407?
188407
What are the prime factors of 19422875?
5, 155383
What are the prime factors of 1257682?
2, 628841
List the prime factors of 1530077.
1530077
List the prime factors of 191583.
3, 7, 3041
What are the prime factors of 11814034?
2, 5907017
List the prime factors of 1726005.
3, 5, 115067
What are the prime factors of 13158526?
2, 19, 346277
What are the prime factors of 55710?
2, 3, 5, 619
List the prime factors of 44497.
44497
What are the prime factors of 258083?
7, 23, 229
What are the prime factors of 78670?
2, 5, 7867
What are the prime factors of 268074?
2, 3, 53, 281
What are the prime factors of 3967968?
2, 3, 41333
List the prime factors of 14894818.
2, 31, 79, 3041
What are the prime factors of 34483528?
2, 4310441
List the prime factors of 18834009.
3, 6278003
List the prime factors of 3742881.
3, 1247627
What are the prime factors of 8172292?
2, 61, 33493
What are the prime factors of 2705090?
2, 5, 270509
List the prime factors of 260442.
2, 3, 7, 13, 53
What are the prime factors of 5683883?
59, 96337
What are the prime factors of 2499633?
3, 43, 2153
List the prime factors of 2511358.
2, 1255679
What are the prime factors of 721052?
2, 180263
List the prime factors of 1858729.
17, 31, 3527
List the prime factors of 455666.
2, 73, 3121
What are the prime factors of 64559?
11, 5869
What are the prime factors of 161068?
2, 67, 601
What are the prime factors of 85937?
19, 4523
List the prime factors of 2531852.
2, 109, 5807
List the prime factors of 55430.
2, 5, 23, 241
List the prime factors of 58083.
3, 19, 1019
What are the prime factors of 1085?
5, 7, 31
What are the prime factors of 484336?
2, 30271
List the prime factors of 40527.
3, 19, 79
What are the prime factors of 64887?
3, 43, 503
What are the prime factors of 1058841?
3, 7
List the prime factors of 4976433.
3, 7, 11, 43, 167
List the prime factors of 1825782.
2, 3, 7, 29, 1499
List the prime factors of 400591.
23, 17417
What are the prime factors of 410416?
2, 113, 227
List the prime factors of 1186182.
2, 3, 65899
List the prime factors of 1912880.
2, 5, 23911
What are the prime factors of 220153?
19, 11587
List the prime factors of 730775.
5, 29231
What are the prime factors of 2649313?
241, 10993
What are the prime factors of 7049198?
2, 13, 137, 1979
What are the prime factors of 221630?
2, 5, 37, 599
List the prime factors of 16822972.
2, 4205743
List the prime factors of 249682.
2, 127, 983
List the prime factors of 5361048.
2, 3, 7, 11, 967
List the prime factors of 112136.
2, 107, 131
What are the prime factors of 732992?
2, 13, 881
What are the prime factors of 308?
2, 7, 11
What are the prime factors of 3736124?
2, 7, 17, 47, 167
What are the prime factors of 185835?
3, 5, 13, 953
List the prime factors of 2533906.
2, 1266953
List the prime factors of 495585.
3, 5, 3671
List the prime factors of 943858.
2, 471929
List the prime factors of 9368947.
7, 71, 2693
List the prime factors of 577690.
2, 5, 41, 1409
What are the prime factors of 5199827?
71, 73237
What are the prime factors of 440554?
2, 181, 1217
List the prime factors of 1010554.
2, 505277
What are the prime factors of 95275?
5, 37, 103
List the prime factors of 530828.
2, 132707
What are the prime factors of 443612?
2, 13, 19, 449
List the prime factors of 9171525.
3, 5, 11, 11117
List the prime factors of 479001.
3, 159667
What are the prime factors of 92887?
29, 3203
What are